{"id":2539,"date":"2025-11-12T11:45:43","date_gmt":"2025-11-12T10:45:43","guid":{"rendered":"https:\/\/leroidelamaison.dz\/?page_id=2539"},"modified":"2026-05-14T01:35:45","modified_gmt":"2026-05-13T23:35:45","slug":"devis","status":"publish","type":"page","link":"https:\/\/leroidelamaison.dz\/index.php\/devis\/","title":{"rendered":"Devis"},"content":{"rendered":"\t\t<div data-elementor-type=\"wp-page\" data-elementor-id=\"2539\" class=\"elementor elementor-2539\">\n\t\t\t\t<div class=\"elementor-element elementor-element-3c7fea0 e-con-full thegem-e-con-layout-thegem e-flex e-con e-parent\" data-id=\"3c7fea0\" data-element_type=\"container\" data-settings=\"{&quot;thegem_parallax_activate&quot;:&quot;yes&quot;,&quot;thegem_parallax_type&quot;:&quot;fixed&quot;,&quot;thegem_container_layout&quot;:&quot;thegem&quot;}\">\r\n\t\t\t\t<\/div>\n\t\t<div class=\"elementor-element elementor-element-7ceec94 thegem-e-con-layout-thegem e-flex e-con-boxed e-con e-parent\" data-id=\"7ceec94\" data-element_type=\"container\" data-settings=\"{&quot;thegem_container_layout&quot;:&quot;thegem&quot;}\">\r\n\t\t\t\t\t<div class=\"e-con-inner\">\r\n\t\t\t\t<div class=\"elementor-element elementor-element-bd2ce3c elementor-widget-divider--view-line flex-horizontal-align-default flex-horizontal-align-tablet-default flex-horizontal-align-mobile-default flex-vertical-align-default flex-vertical-align-tablet-default flex-vertical-align-mobile-default elementor-widget elementor-widget-divider\" data-id=\"bd2ce3c\" data-element_type=\"widget\" data-widget_type=\"divider.default\">\n\t\t\t\t\t\t\t<div class=\"elementor-divider\">\n\t\t\t<span class=\"elementor-divider-separator\">\n\t\t\t\t\t\t<\/span>\n\t\t<\/div>\n\t\t\t\t\t\t<\/div>\n\t\t\t\t<div class=\"elementor-element elementor-element-2237371 elementor-view-default flex-horizontal-align-default flex-horizontal-align-tablet-default flex-horizontal-align-mobile-default flex-vertical-align-default flex-vertical-align-tablet-default flex-vertical-align-mobile-default elementor-widget elementor-widget-icon\" data-id=\"2237371\" data-element_type=\"widget\" data-widget_type=\"icon.default\">\n\t\t\t\t\t\t\t<div class=\"elementor-icon-wrapper\">\n\t\t\t<div class=\"elementor-icon\">\n\t\t\t<svg xmlns=\"http:\/\/www.w3.org\/2000\/svg\" width=\"214\" height=\"214\" viewBox=\"0 0 214 214\" fill=\"none\"><circle cx=\"107\" cy=\"107\" r=\"107\" fill=\"#D0F4BA\"><\/circle><path d=\"M157 87.6053V105.105C143.168 110.211 125.991 113.127 107.5 113.127C89.0091 113.127 71.832 110.211 58 105.105V87.6053C58 84.3947 60.6229 81.772 63.8235 81.772H87.8444V77.3947C87.8444 70.684 93.3791 65 100.218 65H114.777C121.621 65 127.151 70.6887 127.151 77.3947V81.772H151.172C154.377 81.772 157 84.3993 157 87.6053ZM95.1262 77.3947V81.772H119.878V77.3947C119.878 74.6227 117.549 72.2893 114.782 72.2893H100.223C97.4556 72.2893 95.1262 74.6227 95.1262 77.3947ZM100.223 104.083V107C100.223 107.877 100.805 108.461 101.681 108.461H113.328C114.204 108.461 114.786 107.877 114.786 107V104.083C114.786 103.206 114.204 102.623 113.328 102.623H101.681C100.805 102.623 100.223 103.206 100.223 104.083ZM58 143.167V111.373C71.9765 116.184 89.0091 118.956 107.5 118.956C125.991 118.956 143.024 116.184 157 111.373V143.167C157 146.377 154.377 149 151.176 149H63.8235C60.6183 149 58 146.373 58 143.167ZM114.782 128.145V125.228C114.782 124.351 114.199 123.767 113.324 123.767H101.676C100.801 123.767 100.218 124.351 100.218 125.228V128.145C100.218 129.022 100.801 129.605 101.676 129.605H113.324C114.199 129.605 114.782 129.022 114.782 128.145Z\" fill=\"#46B403\"><\/path><\/svg>\t\t\t<\/div>\n\t\t<\/div>\n\t\t\t\t\t\t<\/div>\n\t\t\t\t<div class=\"elementor-element elementor-element-4caa3d6 flex-horizontal-align-default flex-horizontal-align-tablet-default flex-horizontal-align-mobile-default flex-vertical-align-default flex-vertical-align-tablet-default flex-vertical-align-mobile-default elementor-widget elementor-widget-heading\" data-id=\"4caa3d6\" data-element_type=\"widget\" data-widget_type=\"heading.default\">\n\t\t\t\t\t<h2 class=\"elementor-heading-title elementor-size-default\">Demander un devis<\/h2>\t\t\t\t<\/div>\n\t\t\t\t\t<\/div>\n\t\t\t\t<\/div>\n\t\t<div class=\"elementor-element elementor-element-862b476 thegem-e-con-layout-thegem e-flex e-con-boxed e-con e-parent\" data-id=\"862b476\" data-element_type=\"container\" data-settings=\"{&quot;thegem_container_layout&quot;:&quot;thegem&quot;}\">\r\n\t\t\t\t\t<div class=\"e-con-inner\">\r\n\t\t\t\t<div class=\"elementor-element elementor-element-b5d0cc1 elementor-widget__width-initial flex-horizontal-align-default flex-horizontal-align-tablet-default flex-horizontal-align-mobile-default flex-vertical-align-default flex-vertical-align-tablet-default flex-vertical-align-mobile-default elementor-widget elementor-widget-text-editor\" data-id=\"b5d0cc1\" data-element_type=\"widget\" data-widget_type=\"text-editor.default\">\n\t\t\t\t\t\t\t\t\t\t\t\t<div class=\"elementor-text-editor elementor-clearfix\">\r\n\t\t\t\t\t\t<p data-start=\"463\" data-end=\"604\">Remplissez le formulaire en quelques \u00e9tapes simples pour nous pr\u00e9senter votre besoin.<br data-start=\"628\" data-end=\"631\" \/>Nous \u00e9tudierons votre demande avec soin afin de vous proposer une offre claire, adapt\u00e9e \u00e0 vos attentes et \u00e0 votre projet.<\/p>\t\t\t\t\t\t\t<\/div>\r\n\t\t\t\t\t\t\t\t\t\t<\/div>\n\t\t\t\t\t<\/div>\n\t\t\t\t<\/div>\n\t\t<div class=\"elementor-element elementor-element-7410387 thegem-e-con-layout-thegem e-flex e-con-boxed e-con e-parent\" data-id=\"7410387\" data-element_type=\"container\" data-settings=\"{&quot;thegem_container_layout&quot;:&quot;thegem&quot;}\">\r\n\t\t\t\t\t<div class=\"e-con-inner\">\r\n\t\t\t\t<div class=\"elementor-element elementor-element-3a6dbd9 elementor-widget-divider--view-line flex-horizontal-align-default flex-horizontal-align-tablet-default flex-horizontal-align-mobile-default flex-vertical-align-default flex-vertical-align-tablet-default flex-vertical-align-mobile-default elementor-widget elementor-widget-divider\" data-id=\"3a6dbd9\" data-element_type=\"widget\" data-widget_type=\"divider.default\">\n\t\t\t\t\t\t\t<div class=\"elementor-divider\">\n\t\t\t<span class=\"elementor-divider-separator\">\n\t\t\t\t\t\t<\/span>\n\t\t<\/div>\n\t\t\t\t\t\t<\/div>\n\t\t\t\t<div class=\"elementor-element elementor-element-8174a97 flex-horizontal-align-default flex-horizontal-align-tablet-default flex-horizontal-align-mobile-default flex-vertical-align-default flex-vertical-align-tablet-default flex-vertical-align-mobile-default elementor-widget elementor-widget-shortcode\" data-id=\"8174a97\" data-element_type=\"widget\" data-widget_type=\"shortcode.default\">\n\t\t\t\t\t\t\t<div class=\"elementor-shortcode\"><div class=\"forminator-ui forminator-custom-form forminator-custom-form-2545 forminator-design--default forminator-custom forminator_ajax\" data-forminator-render=\"0\" data-form=\"forminator-module-2545\" data-uid=\"6a05a33a22798\"><br\/><\/div><form\n\t\t\t\tid=\"forminator-module-2545\"\n\t\t\t\tclass=\"forminator-ui forminator-custom-form forminator-custom-form-2545 forminator-design--default forminator-custom forminator_ajax\"\n\t\t\t\tmethod=\"post\"\n\t\t\t\tdata-forminator-render=\"0\"\n\t\t\t\tdata-form-id=\"2545\"\n\t\t\t\t data-color-option=\"theme\" data-design=\"default\" data-grid=\"custom\" style=\"display: none;\"\n\t\t\t\tdata-uid=\"6a05a33a22798\"\n\t\t\t><div role=\"alert\" aria-live=\"polite\" class=\"forminator-response-message forminator-error\" aria-hidden=\"true\"><\/div><div class=\"forminator-row\"><div id=\"name-1\" class=\"forminator-field-name forminator-col forminator-col-12 \"><div class=\"forminator-row forminator-no-margin\" data-multiple=\"true\"><div class=\"forminator-col forminator-col-md-6\"><div class=\"forminator-field\"><label for=\"forminator-field-first-name-1_6a05a33a22798\" id=\"forminator-field-first-name-1_6a05a33a22798-label\" class=\"forminator-label\">Pr\u00e9nom <span class=\"forminator-required\">*<\/span><\/label><input type=\"text\" name=\"name-1-first-name\" placeholder=\"\" id=\"forminator-field-first-name-1_6a05a33a22798\" class=\"forminator-input\" aria-required=\"true\" data-multi=\"1\" autocomplete=\"given-name\" value=\"\" \/><\/div><\/div><div class=\"forminator-col forminator-col-md-6\"><div class=\"forminator-field\"><label for=\"forminator-field-last-name-1_6a05a33a22798\" id=\"forminator-field-last-name-1_6a05a33a22798-label\" class=\"forminator-label\">Nom de famille <span class=\"forminator-required\">*<\/span><\/label><input type=\"text\" name=\"name-1-last-name\" placeholder=\"\" id=\"forminator-field-last-name-1_6a05a33a22798\" class=\"forminator-input\" aria-required=\"true\" data-multi=\"1\" autocomplete=\"family-name\" value=\"\" \/><\/div><\/div><\/div><\/div><\/div><div class=\"forminator-row\"><div id=\"phone-1\" class=\"forminator-field-phone forminator-col forminator-col-12 \"><div class=\"forminator-field\"><label for=\"forminator-field-phone-1_6a05a33a22798\" id=\"forminator-field-phone-1_6a05a33a22798-label\" class=\"forminator-label\">Num\u00e9ro de t\u00e9l\u00e9phone <span class=\"forminator-required\">*<\/span><\/label><input type=\"text\" name=\"phone-1\" value=\"\" placeholder=\"\" id=\"forminator-field-phone-1_6a05a33a22798\" class=\"forminator-input forminator-field--phone\" data-required=\"1\" aria-required=\"true\" autocomplete=\"off\" data-validation=\"1\" \/><\/div><\/div><\/div><div class=\"forminator-row\"><div id=\"email-2\" class=\"forminator-field-email forminator-col forminator-col-12 \"><div class=\"forminator-field\"><label for=\"forminator-field-email-2_6a05a33a22798\" id=\"forminator-field-email-2_6a05a33a22798-label\" class=\"forminator-label\">Email <span class=\"forminator-required\">*<\/span><\/label><input type=\"email\" name=\"email-2\" value=\"\" placeholder=\"\" id=\"forminator-field-email-2_6a05a33a22798\" class=\"forminator-input forminator-email--field\" data-required=\"1\" aria-required=\"true\" autocomplete=\"email\" \/><\/div><\/div><\/div><div class=\"forminator-row\"><div id=\"select-1\" class=\"forminator-field-select forminator-col forminator-col-12 \"><div class=\"forminator-field\"><label for=\"forminator-form-2545__field--select-1_6a05a33a22798\" id=\"forminator-form-2545__field--select-1_6a05a33a22798-label\" class=\"forminator-label\">Propri\u00e9t\u00e9<\/label><select multiple id=\"forminator-form-2545__field--select-1_6a05a33a22798\" class=\"forminator-select--field forminator-select2 forminator-select2-multiple\" data-required=\"\" name=\"select-1[]\" data-default-value=\"\" data-hidden-behavior=\"zero\" data-placeholder=\"\" data-search=\"false\" data-search-placeholder=\"Search\" data-checkbox=\"false\" data-allow-clear=\"true\" aria-labelledby=\"forminator-form-2545__field--select-1_6a05a33a22798-label\"><option value=\"one\"  data-calculation=\"0\">Appartement<\/option><option value=\"two\"  data-calculation=\"0\">R\u00e9sidence individuelle \/ Maisonette \/ Villa<\/option><option value=\"Am\u00e9nagement-int\u00e9rieur-et-ext\u00e9rieur\"  data-calculation=\"0\">Lot terrain<\/option><\/select><\/div><\/div><\/div><div class=\"forminator-row\"><div id=\"select-2\" class=\"forminator-field-select forminator-col forminator-col-12 \"><div class=\"forminator-field\"><label for=\"forminator-form-2545__field--select-2_6a05a33a22798\" id=\"forminator-form-2545__field--select-2_6a05a33a22798-label\" class=\"forminator-label\">Besoin<\/label><select multiple id=\"forminator-form-2545__field--select-2_6a05a33a22798\" class=\"forminator-select--field forminator-select2 forminator-select2-multiple\" data-required=\"\" name=\"select-2[]\" data-default-value=\"\" data-hidden-behavior=\"zero\" data-placeholder=\"\" data-search=\"false\" data-search-placeholder=\"Search\" data-checkbox=\"false\" data-allow-clear=\"true\" aria-labelledby=\"forminator-form-2545__field--select-2_6a05a33a22798-label\"><option value=\"one\"  data-calculation=\"0\">Etude architecturale<\/option><option value=\"two\"  data-calculation=\"0\">Permis de construire et construction<\/option><option value=\"Am\u00e9nagement-int\u00e9rieur-et-ext\u00e9rieur\"  data-calculation=\"0\">Am\u00e9nagement int\u00e9rieur \/ ext\u00e9rieur<\/option><option value=\"Ame\"  data-calculation=\"0\">Ameublement int\u00e9rieur \/ ext\u00e9rieur<\/option><option value=\"R\u00e9novation-globale\"  data-calculation=\"0\">R\u00e9novation globale<\/option><\/select><\/div><\/div><\/div><div class=\"forminator-row\"><div id=\"checkbox-1\" class=\"forminator-field-checkbox forminator-col forminator-col-12 \"><div role=\"group\" class=\"forminator-field\" aria-labelledby=\"forminator-checkbox-group-forminator-field-checkbox-1-6a05a33a22798-label\"><span id=\"forminator-checkbox-group-forminator-field-checkbox-1-6a05a33a22798-label\" class=\"forminator-label\">Zone<\/span><label id=\"forminator-field-checkbox-1-1-6a05a33a22798-label\" for=\"forminator-field-checkbox-1-1-6a05a33a22798\" class=\"forminator-checkbox forminator-checkbox-inline\" title=\"Int\u00e9rieur\"><input type=\"checkbox\" name=\"checkbox-1[]\" value=\"one\" id=\"forminator-field-checkbox-1-1-6a05a33a22798\" aria-labelledby=\"forminator-field-checkbox-1-1-6a05a33a22798-label\" data-calculation=\"0\"   data-hidden-behavior=\"zero\"\/><span class=\"forminator-checkbox-box\" aria-hidden=\"true\"><\/span><span class=\"forminator-checkbox-label\">Int\u00e9rieur<\/span><\/label><label id=\"forminator-field-checkbox-1-2-6a05a33a22798-label\" for=\"forminator-field-checkbox-1-2-6a05a33a22798\" class=\"forminator-checkbox forminator-checkbox-inline\" title=\"Ext\u00e9rieur\"><input type=\"checkbox\" name=\"checkbox-1[]\" value=\"two\" id=\"forminator-field-checkbox-1-2-6a05a33a22798\" aria-labelledby=\"forminator-field-checkbox-1-2-6a05a33a22798-label\" data-calculation=\"0\"   data-hidden-behavior=\"zero\"\/><span class=\"forminator-checkbox-box\" aria-hidden=\"true\"><\/span><span class=\"forminator-checkbox-label\">Ext\u00e9rieur<\/span><\/label><\/div><\/div><\/div><div class=\"forminator-row\"><div id=\"number-1\" class=\"forminator-field-number forminator-col forminator-col-12 \"><div class=\"forminator-field\"><label for=\"forminator-field-number-1_6a05a33a22798\" id=\"forminator-field-number-1_6a05a33a22798-label\" class=\"forminator-label\">Nombre de pi\u00e8ce<\/label><input name=\"number-1\" value=\"0\" placeholder=\"\" id=\"forminator-field-number-1_6a05a33a22798\" class=\"forminator-input forminator-number--field\" inputmode=\"decimal\" data-required=\"\" data-decimals=\"0\" aria-required=\"false\" data-inputmask=\"&#039;groupSeparator&#039;: &#039;&#039;, &#039;radixPoint&#039;: &#039;&#039;, &#039;digits&#039;: &#039;0&#039;\" data-hidden-behavior=\"zero\" type=\"number\" step=\"any\" min=\"1\" max=\"150\" \/><\/div><\/div><\/div><div class=\"forminator-row\"><div id=\"textarea-1\" class=\"forminator-field-textarea forminator-col forminator-col-12 \"><div class=\"forminator-field\"><label for=\"forminator-field-textarea-1_6a05a33a22798\" id=\"forminator-field-textarea-1_6a05a33a22798-label\" class=\"forminator-label\">Notes compl\u00e9mentaires<\/label><textarea name=\"textarea-1\" placeholder=\"\" id=\"forminator-field-textarea-1_6a05a33a22798\" class=\"forminator-textarea\" rows=\"6\" style=\"min-height:140px;\" maxlength=\"180\" ><\/textarea><span id=\"forminator-field-textarea-1_6a05a33a22798-description\" class=\"forminator-description\"><span data-limit=\"180\" data-type=\"characters\" data-editor=\"\">0 \/ 180<\/span><\/span><\/div><\/div><\/div><input type=\"hidden\" name=\"referer_url\" value=\"\" \/><div class=\"forminator-row forminator-row-last\"><div class=\"forminator-col\"><div class=\"forminator-field\"><button class=\"forminator-button forminator-button-submit\">Demander un devis<\/button><\/div><\/div><\/div><input type=\"hidden\" id=\"forminator_nonce\" name=\"forminator_nonce\" value=\"c5dac6847f\" \/><input type=\"hidden\" name=\"_wp_http_referer\" value=\"\/index.php\/wp-json\/wp\/v2\/pages\/2539\" \/><input type=\"hidden\" name=\"form_id\" value=\"2545\"><input type=\"hidden\" name=\"page_id\" value=\"2539\"><input type=\"hidden\" name=\"form_type\" value=\"default\"><input type=\"hidden\" name=\"current_url\" value=\"https:\/\/leroidelamaison.dz\/index.php\/devis\/\"><input type=\"hidden\" name=\"render_id\" value=\"0\"><input type=\"hidden\" name=\"action\" value=\"forminator_submit_form_custom-forms\"><\/form><\/div>\n\t\t\t\t\t\t<\/div>\n\t\t\t\t\t<\/div>\n\t\t\t\t<\/div>\n\t\t\t\t<\/div>\n\t\t","protected":false},"excerpt":{"rendered":"<p>Demander un devis Remplissez le formulaire en quelques \u00e9tapes simples pour nous pr\u00e9senter votre besoin.Nous \u00e9tudierons votre demande avec soin&#8230;<\/p>\n","protected":false},"author":1,"featured_media":0,"parent":0,"menu_order":0,"comment_status":"closed","ping_status":"closed","template":"page-fullwidth.php","meta":{"footnotes":""},"class_list":["post-2539","page","type-page","status-publish"],"_links":{"self":[{"href":"https:\/\/leroidelamaison.dz\/index.php\/wp-json\/wp\/v2\/pages\/2539","targetHints":{"allow":["GET"]}}],"collection":[{"href":"https:\/\/leroidelamaison.dz\/index.php\/wp-json\/wp\/v2\/pages"}],"about":[{"href":"https:\/\/leroidelamaison.dz\/index.php\/wp-json\/wp\/v2\/types\/page"}],"author":[{"embeddable":true,"href":"https:\/\/leroidelamaison.dz\/index.php\/wp-json\/wp\/v2\/users\/1"}],"replies":[{"embeddable":true,"href":"https:\/\/leroidelamaison.dz\/index.php\/wp-json\/wp\/v2\/comments?post=2539"}],"version-history":[{"count":28,"href":"https:\/\/leroidelamaison.dz\/index.php\/wp-json\/wp\/v2\/pages\/2539\/revisions"}],"predecessor-version":[{"id":3688,"href":"https:\/\/leroidelamaison.dz\/index.php\/wp-json\/wp\/v2\/pages\/2539\/revisions\/3688"}],"wp:attachment":[{"href":"https:\/\/leroidelamaison.dz\/index.php\/wp-json\/wp\/v2\/media?parent=2539"}],"curies":[{"name":"wp","href":"https:\/\/api.w.org\/{rel}","templated":true}]}}