{"id":3722,"date":"2026-05-14T03:10:58","date_gmt":"2026-05-14T01:10:58","guid":{"rendered":"https:\/\/leroidelamaison.dz\/?page_id=3722"},"modified":"2026-05-14T03:35:30","modified_gmt":"2026-05-14T01:35:30","slug":"contrat-de-confiance","status":"publish","type":"page","link":"https:\/\/leroidelamaison.dz\/index.php\/contrat-de-confiance\/","title":{"rendered":"Contrat de confiance"},"content":{"rendered":"\t\t<div data-elementor-type=\"wp-page\" data-elementor-id=\"3722\" class=\"elementor elementor-3722\">\n\t\t\t\t<div class=\"elementor-element elementor-element-81743fe e-con-full thegem-e-con-layout-thegem e-flex e-con e-parent\" data-id=\"81743fe\" data-element_type=\"container\" data-settings=\"{&quot;thegem_parallax_activate&quot;:&quot;yes&quot;,&quot;thegem_parallax_type&quot;:&quot;fixed&quot;,&quot;thegem_container_layout&quot;:&quot;thegem&quot;}\">\r\n\t\t\t\t<\/div>\n\t\t<div class=\"elementor-element elementor-element-5488c93 thegem-e-con-layout-thegem e-flex e-con-boxed e-con e-parent\" data-id=\"5488c93\" data-element_type=\"container\" data-settings=\"{&quot;thegem_container_layout&quot;:&quot;thegem&quot;}\">\r\n\t\t\t\t\t<div class=\"e-con-inner\">\r\n\t\t\t\t<div class=\"elementor-element elementor-element-9221176 elementor-widget-divider--view-line flex-horizontal-align-default flex-horizontal-align-tablet-default flex-horizontal-align-mobile-default flex-vertical-align-default flex-vertical-align-tablet-default flex-vertical-align-mobile-default elementor-widget elementor-widget-divider\" data-id=\"9221176\" data-element_type=\"widget\" data-widget_type=\"divider.default\">\n\t\t\t\t\t\t\t<div class=\"elementor-divider\">\n\t\t\t<span class=\"elementor-divider-separator\">\n\t\t\t\t\t\t<\/span>\n\t\t<\/div>\n\t\t\t\t\t\t<\/div>\n\t\t\t\t<div class=\"elementor-element elementor-element-06aaa3e elementor-view-default flex-horizontal-align-default flex-horizontal-align-tablet-default flex-horizontal-align-mobile-default flex-vertical-align-default flex-vertical-align-tablet-default flex-vertical-align-mobile-default elementor-widget elementor-widget-icon\" data-id=\"06aaa3e\" data-element_type=\"widget\" data-widget_type=\"icon.default\">\n\t\t\t\t\t\t\t<div class=\"elementor-icon-wrapper\">\n\t\t\t<div class=\"elementor-icon\">\n\t\t\t<svg xmlns=\"http:\/\/www.w3.org\/2000\/svg\" width=\"214\" height=\"214\" viewBox=\"0 0 214 214\" fill=\"none\"><g clip-path=\"url(#clip0_254_6)\"><path d=\"M107 214C166.094 214 214 166.094 214 107C214 47.9055 166.094 0 107 0C47.9055 0 0 47.9055 0 107C0 166.094 47.9055 214 107 214Z\" fill=\"#FFE8B8\"><\/path><path fill-rule=\"evenodd\" clip-rule=\"evenodd\" d=\"M69 72.7C69 67.8951 72.8744 64 77.6538 64H125.003L144 83.0988V142.3C144 147.105 140.125 151 135.346 151H77.6538C72.8744 151 69 147.105 69 142.3V72.7ZM103.615 87.2H86.3077V93H103.615V87.2ZM126.692 104.6H86.3077V110.4H126.692V104.6ZM99.604 127.265C97.2741 127.895 95.4546 129.683 94.8134 131.617L89.3402 129.783C90.6221 125.917 93.9948 122.775 98.1072 121.664C102.187 120.562 106.838 121.485 110.865 125.21C112.075 124.852 113.273 124.651 114.459 124.587C117.566 124.419 120.359 125.207 122.754 126.21C124.512 126.947 126.217 127.878 127.651 128.661C128.108 128.911 128.539 129.147 128.934 129.356C130.799 130.34 131.826 130.7 132.462 130.7V136.5C130.212 136.5 127.993 135.41 126.253 134.491C125.716 134.207 125.196 133.924 124.683 133.644C123.314 132.896 121.994 132.176 120.535 131.564C118.602 130.755 116.707 130.274 114.767 130.379C114.485 130.394 114.197 130.422 113.903 130.464L113.91 130.541C114.064 132.425 113.291 133.974 112.295 135.087C110.457 137.14 107.463 138.217 105.213 138.628C104.041 138.842 102.781 138.932 101.671 138.769C101.127 138.689 100.427 138.521 99.767 138.126C99.0653 137.706 98.2337 136.903 98.0205 135.617C97.8222 134.421 98.27 133.435 98.6612 132.829C99.0648 132.204 99.6083 131.663 100.17 131.196C101.263 130.286 102.855 129.303 104.982 128.221L105.137 128.108C103.128 126.928 101.198 126.835 99.604 127.265Z\" fill=\"#D3A035\"><\/path><\/g><defs><clipPath id=\"clip0_254_6\"><rect width=\"214\" height=\"214\" fill=\"white\"><\/rect><\/clipPath><\/defs><\/svg>\t\t\t<\/div>\n\t\t<\/div>\n\t\t\t\t\t\t<\/div>\n\t\t\t\t<div class=\"elementor-element elementor-element-dfcba75 flex-horizontal-align-default flex-horizontal-align-tablet-default flex-horizontal-align-mobile-default flex-vertical-align-default flex-vertical-align-tablet-default flex-vertical-align-mobile-default elementor-widget elementor-widget-heading\" data-id=\"dfcba75\" data-element_type=\"widget\" data-widget_type=\"heading.default\">\n\t\t\t\t\t<h2 class=\"elementor-heading-title elementor-size-default\">Contrat de confiance<\/h2>\t\t\t\t<\/div>\n\t\t\t\t<div class=\"elementor-element elementor-element-925ff6f elementor-widget-divider--view-line flex-horizontal-align-default flex-horizontal-align-tablet-default flex-horizontal-align-mobile-default flex-vertical-align-default flex-vertical-align-tablet-default flex-vertical-align-mobile-default elementor-widget elementor-widget-divider\" data-id=\"925ff6f\" data-element_type=\"widget\" data-widget_type=\"divider.default\">\n\t\t\t\t\t\t\t<div class=\"elementor-divider\">\n\t\t\t<span class=\"elementor-divider-separator\">\n\t\t\t\t\t\t<\/span>\n\t\t<\/div>\n\t\t\t\t\t\t<\/div>\n\t\t\t\t\t<\/div>\n\t\t\t\t<\/div>\n\t\t<div class=\"elementor-element elementor-element-6c64cd4 thegem-e-con-layout-thegem e-flex e-con-boxed e-con e-parent\" data-id=\"6c64cd4\" data-element_type=\"container\" data-settings=\"{&quot;thegem_container_layout&quot;:&quot;thegem&quot;}\">\r\n\t\t\t\t\t<div class=\"e-con-inner\">\r\n\t\t\t\t<div class=\"elementor-element elementor-element-bc0b238 flex-horizontal-align-default flex-horizontal-align-tablet-default flex-horizontal-align-mobile-default flex-vertical-align-default flex-vertical-align-tablet-default flex-vertical-align-mobile-default elementor-widget elementor-widget-heading\" data-id=\"bc0b238\" data-element_type=\"widget\" data-widget_type=\"heading.default\">\n\t\t\t\t\t<h2 class=\"elementor-heading-title elementor-size-default\">Id\u00e9e Innovante<\/h2>\t\t\t\t<\/div>\n\t\t\t\t<div class=\"elementor-element elementor-element-355f878 flex-horizontal-align-default flex-horizontal-align-tablet-default flex-horizontal-align-mobile-default flex-vertical-align-default flex-vertical-align-tablet-default flex-vertical-align-mobile-default elementor-widget elementor-widget-text-editor\" data-id=\"355f878\" data-element_type=\"widget\" data-widget_type=\"text-editor.default\">\n\t\t\t\t\t\t\t\t\t\t\t\t<div class=\"elementor-text-editor elementor-clearfix\">\r\n\t\t\t\t\t\t<p>Dans notre approche multidimensionnelle de l\u2019ameublement, de l\u2019am\u00e9nagement int\u00e9rieur et ext\u00e9rieur, de la r\u00e9novation et de la construction globale, nous valorisons l\u2019innovation comme pilier fondamental. Chaque projet est une toile vierge o\u00f9 les id\u00e9es \u00e9voluent et se transforment. Notre \u00e9quipe pluridisciplinaire explore sans cesse de nouvelles avenues, fusionnant cr\u00e9ativit\u00e9, fonctionnalit\u00e9 et r\u00e9inventant vos id\u00e9es pour repousser les fronti\u00e8res du design. Des concepts novateurs \u00e9mergent, red\u00e9finissant l\u2019art de vivre, que ce soit \u00e0 l\u2019int\u00e9rieur ou \u00e0 l\u2019ext\u00e9rieur, en r\u00e9novation ou en construction, afin de cr\u00e9er des espaces uniques et inspirants laissent une empreinte durable.<\/p>\t\t\t\t\t\t\t<\/div>\r\n\t\t\t\t\t\t\t\t\t\t<\/div>\n\t\t\t\t\t<\/div>\n\t\t\t\t<\/div>\n\t\t<div class=\"elementor-element elementor-element-0bb2377 thegem-e-con-layout-thegem e-flex e-con-boxed e-con e-parent\" data-id=\"0bb2377\" data-element_type=\"container\" data-settings=\"{&quot;thegem_container_layout&quot;:&quot;thegem&quot;}\">\r\n\t\t\t\t\t<div class=\"e-con-inner\">\r\n\t\t\t\t<div class=\"elementor-element elementor-element-40638a3 flex-horizontal-align-default flex-horizontal-align-tablet-default flex-horizontal-align-mobile-default flex-vertical-align-default flex-vertical-align-tablet-default flex-vertical-align-mobile-default elementor-widget elementor-widget-heading\" data-id=\"40638a3\" data-element_type=\"widget\" data-widget_type=\"heading.default\">\n\t\t\t\t\t<h2 class=\"elementor-heading-title elementor-size-default\">Perfection<\/h2>\t\t\t\t<\/div>\n\t\t\t\t<div class=\"elementor-element elementor-element-ef75918 flex-horizontal-align-default flex-horizontal-align-tablet-default flex-horizontal-align-mobile-default flex-vertical-align-default flex-vertical-align-tablet-default flex-vertical-align-mobile-default elementor-widget elementor-widget-text-editor\" data-id=\"ef75918\" data-element_type=\"widget\" data-widget_type=\"text-editor.default\">\n\t\t\t\t\t\t\t\t\t\t\t\t<div class=\"elementor-text-editor elementor-clearfix\">\r\n\t\t\t\t\t\t<p>L\u2019excellence est au c\u0153ur de notre m\u00e9tier, que ce soit dans l\u2019ameublement, l\u2019am\u00e9nagement ext\u00e9rieur, la r\u00e9novation ou la construction. Notre \u00e9quipe d\u2019experts d\u00e9die son savoir-faire \u00e0 chaque d\u00e9tail, embrassant l\u2019artisanat avec passion et pr\u00e9cision. Chaque projet, qu\u2019il s\u2019agisse de transformer un espace int\u00e9rieur ou de fa\u00e7onner un am\u00e9nagement ext\u00e9rieur, est m\u00e9ticuleusement r\u00e9alis\u00e9 pour atteindre une perfection esth\u00e9tique et fonctionnelle. La fusion entre expertise, mat\u00e9riaux de qualit\u00e9 et design de pointe se traduit par des espaces qui incarnent le summum de la perfection, que ce soit dans le domaine de l\u2019ameublement ou de la construction.<\/p>\t\t\t\t\t\t\t<\/div>\r\n\t\t\t\t\t\t\t\t\t\t<\/div>\n\t\t\t\t\t<\/div>\n\t\t\t\t<\/div>\n\t\t<div class=\"elementor-element elementor-element-cfff5f4 thegem-e-con-layout-thegem e-flex e-con-boxed e-con e-parent\" data-id=\"cfff5f4\" data-element_type=\"container\" data-settings=\"{&quot;thegem_container_layout&quot;:&quot;thegem&quot;}\">\r\n\t\t\t\t\t<div class=\"e-con-inner\">\r\n\t\t\t\t<div class=\"elementor-element elementor-element-80e0a32 flex-horizontal-align-default flex-horizontal-align-tablet-default flex-horizontal-align-mobile-default flex-vertical-align-default flex-vertical-align-tablet-default flex-vertical-align-mobile-default elementor-widget elementor-widget-heading\" data-id=\"80e0a32\" data-element_type=\"widget\" data-widget_type=\"heading.default\">\n\t\t\t\t\t<h2 class=\"elementor-heading-title elementor-size-default\">Qualit\u00e9<\/h2>\t\t\t\t<\/div>\n\t\t\t\t<div class=\"elementor-element elementor-element-132a1ec flex-horizontal-align-default flex-horizontal-align-tablet-default flex-horizontal-align-mobile-default flex-vertical-align-default flex-vertical-align-tablet-default flex-vertical-align-mobile-default elementor-widget elementor-widget-text-editor\" data-id=\"132a1ec\" data-element_type=\"widget\" data-widget_type=\"text-editor.default\">\n\t\t\t\t\t\t\t\t\t\t\t\t<div class=\"elementor-text-editor elementor-clearfix\">\r\n\t\t\t\t\t\t<p>Notre engagement envers la qualit\u00e9 d\u00e9passe les limites de l\u2019ameublement int\u00e9rieur et ext\u00e9rieur pour englober l\u2019am\u00e9nagement global, la r\u00e9novation et la construction. Nous s\u00e9lectionnons avec soin les mat\u00e9riaux pour leur durabilit\u00e9, leur esth\u00e9tique et leur adaptabilit\u00e9 \u00e0 diff\u00e9rents contextes. Chaque produit, qu\u2019il soit destin\u00e9 \u00e0 l\u2019int\u00e9rieur, \u00e0 l\u2019ext\u00e9rieur, \u00e0 la r\u00e9novation ou \u00e0 la construction, est le fruit d\u2019une recherche minutieuse, offrant une qualit\u00e9 qui r\u00e9siste \u00e0 l\u2019\u00e9preuve du temps. Notre qu\u00eate de mat\u00e9riaux et produits de qualit\u00e9 transcende les fronti\u00e8res pour offrir des solutions durables et esth\u00e9tiques.<\/p>\t\t\t\t\t\t\t<\/div>\r\n\t\t\t\t\t\t\t\t\t\t<\/div>\n\t\t\t\t\t<\/div>\n\t\t\t\t<\/div>\n\t\t<div class=\"elementor-element elementor-element-f601621 thegem-e-con-layout-thegem e-flex e-con-boxed e-con e-parent\" data-id=\"f601621\" data-element_type=\"container\" data-settings=\"{&quot;thegem_container_layout&quot;:&quot;thegem&quot;}\">\r\n\t\t\t\t\t<div class=\"e-con-inner\">\r\n\t\t\t\t<div class=\"elementor-element elementor-element-2deaafb flex-horizontal-align-default flex-horizontal-align-tablet-default flex-horizontal-align-mobile-default flex-vertical-align-default flex-vertical-align-tablet-default flex-vertical-align-mobile-default elementor-widget elementor-widget-heading\" data-id=\"2deaafb\" data-element_type=\"widget\" data-widget_type=\"heading.default\">\n\t\t\t\t\t<h2 class=\"elementor-heading-title elementor-size-default\">Rapidit\u00e9<\/h2>\t\t\t\t<\/div>\n\t\t\t\t<div class=\"elementor-element elementor-element-8812d82 flex-horizontal-align-default flex-horizontal-align-tablet-default flex-horizontal-align-mobile-default flex-vertical-align-default flex-vertical-align-tablet-default flex-vertical-align-mobile-default elementor-widget elementor-widget-text-editor\" data-id=\"8812d82\" data-element_type=\"widget\" data-widget_type=\"text-editor.default\">\n\t\t\t\t\t\t\t\t\t\t\t\t<div class=\"elementor-text-editor elementor-clearfix\">\r\n\t\t\t\t\t\t<p>Nous comprenons l\u2019urgence dans l\u2019ameublement, l\u2019am\u00e9nagement ext\u00e9rieur, la r\u00e9novation ou la construction. Notre processus agile et notre logistique bien orchestr\u00e9e assurent une r\u00e9alisation efficace sans sacrifier la qualit\u00e9. Qu\u2019il s\u2019agisse de projets de r\u00e9novation, de construction ou d\u2019ameublement int\u00e9rieur ou ext\u00e9rieur, notre engagement envers des d\u00e9lais rapides garantit une exp\u00e9rience fluide, offrant \u00e0 nos clients la possibilit\u00e9 de profiter rapidement de leurs nouveaux espaces.<\/p>\t\t\t\t\t\t\t<\/div>\r\n\t\t\t\t\t\t\t\t\t\t<\/div>\n\t\t\t\t\t<\/div>\n\t\t\t\t<\/div>\n\t\t<div class=\"elementor-element elementor-element-b144876 thegem-e-con-layout-thegem e-flex e-con-boxed e-con e-parent\" data-id=\"b144876\" data-element_type=\"container\" data-settings=\"{&quot;thegem_container_layout&quot;:&quot;thegem&quot;}\">\r\n\t\t\t\t\t<div class=\"e-con-inner\">\r\n\t\t\t\t<div class=\"elementor-element elementor-element-d2cc48a flex-horizontal-align-default flex-horizontal-align-tablet-default flex-horizontal-align-mobile-default flex-vertical-align-default flex-vertical-align-tablet-default flex-vertical-align-mobile-default elementor-widget elementor-widget-heading\" data-id=\"d2cc48a\" data-element_type=\"widget\" data-widget_type=\"heading.default\">\n\t\t\t\t\t<h2 class=\"elementor-heading-title elementor-size-default\">Facilit\u00e9<\/h2>\t\t\t\t<\/div>\n\t\t\t\t<div class=\"elementor-element elementor-element-902299a flex-horizontal-align-default flex-horizontal-align-tablet-default flex-horizontal-align-mobile-default flex-vertical-align-default flex-vertical-align-tablet-default flex-vertical-align-mobile-default elementor-widget elementor-widget-text-editor\" data-id=\"902299a\" data-element_type=\"widget\" data-widget_type=\"text-editor.default\">\n\t\t\t\t\t\t\t\t\t\t\t\t<div class=\"elementor-text-editor elementor-clearfix\">\r\n\t\t\t\t\t\t<p>Pour simplifier l\u2019acc\u00e8s \u00e0 nos services exclusifs, nous proposons des options de paiement flexibles via des cr\u00e9dits bancaires. Cette facilit\u00e9 de paiement s\u2019\u00e9tend \u00e0 nos diff\u00e9rents domaines d\u2019intervention pour offrir \u00e0 nos clients la libert\u00e9 de concr\u00e9tiser leurs projets. Que ce soit pour l\u2019int\u00e9rieur, l\u2019ext\u00e9rieur, la r\u00e9novation ou la construction, notre \u00e9quipe accompagne nos clients en leur offrant des solutions de paiement adapt\u00e9es \u00e0 leurs besoins sp\u00e9cifiques.<\/p>\t\t\t\t\t\t\t<\/div>\r\n\t\t\t\t\t\t\t\t\t\t<\/div>\n\t\t\t\t\t<\/div>\n\t\t\t\t<\/div>\n\t\t<div class=\"elementor-element elementor-element-f948b38 thegem-e-con-layout-thegem e-flex e-con-boxed e-con e-parent\" data-id=\"f948b38\" data-element_type=\"container\" data-settings=\"{&quot;thegem_container_layout&quot;:&quot;thegem&quot;}\">\r\n\t\t\t\t\t<div class=\"e-con-inner\">\r\n\t\t\t\t<div class=\"elementor-element elementor-element-03c880c elementor-widget-divider--view-line flex-horizontal-align-default flex-horizontal-align-tablet-default flex-horizontal-align-mobile-default flex-vertical-align-default flex-vertical-align-tablet-default flex-vertical-align-mobile-default elementor-widget elementor-widget-divider\" data-id=\"03c880c\" data-element_type=\"widget\" data-widget_type=\"divider.default\">\n\t\t\t\t\t\t\t<div class=\"elementor-divider\">\n\t\t\t<span class=\"elementor-divider-separator\">\n\t\t\t\t\t\t<\/span>\n\t\t<\/div>\n\t\t\t\t\t\t<\/div>\n\t\t\t\t\t<\/div>\n\t\t\t\t<\/div>\n\t\t\t\t<\/div>\n\t\t","protected":false},"excerpt":{"rendered":"<p>Contrat de confiance Id\u00e9e Innovante Dans notre approche multidimensionnelle de l\u2019ameublement, de l\u2019am\u00e9nagement int\u00e9rieur et ext\u00e9rieur, de la r\u00e9novation et&#8230;<\/p>\n","protected":false},"author":1,"featured_media":0,"parent":0,"menu_order":0,"comment_status":"closed","ping_status":"closed","template":"page-fullwidth.php","meta":{"footnotes":""},"class_list":["post-3722","page","type-page","status-publish"],"_links":{"self":[{"href":"https:\/\/leroidelamaison.dz\/index.php\/wp-json\/wp\/v2\/pages\/3722","targetHints":{"allow":["GET"]}}],"collection":[{"href":"https:\/\/leroidelamaison.dz\/index.php\/wp-json\/wp\/v2\/pages"}],"about":[{"href":"https:\/\/leroidelamaison.dz\/index.php\/wp-json\/wp\/v2\/types\/page"}],"author":[{"embeddable":true,"href":"https:\/\/leroidelamaison.dz\/index.php\/wp-json\/wp\/v2\/users\/1"}],"replies":[{"embeddable":true,"href":"https:\/\/leroidelamaison.dz\/index.php\/wp-json\/wp\/v2\/comments?post=3722"}],"version-history":[{"count":13,"href":"https:\/\/leroidelamaison.dz\/index.php\/wp-json\/wp\/v2\/pages\/3722\/revisions"}],"predecessor-version":[{"id":3738,"href":"https:\/\/leroidelamaison.dz\/index.php\/wp-json\/wp\/v2\/pages\/3722\/revisions\/3738"}],"wp:attachment":[{"href":"https:\/\/leroidelamaison.dz\/index.php\/wp-json\/wp\/v2\/media?parent=3722"}],"curies":[{"name":"wp","href":"https:\/\/api.w.org\/{rel}","templated":true}]}}